ppose 0 = 3*z - l*z. Suppose -32 = -z*i - 2*i. Calculate the greatest common factor of 4 and i.
4
Let p be (-54)/(-7) - (-2)/7. Let r be 206/p - 6/8. Calculate the greatest common divisor of 5 and r.
5
Let i = 3 - 8. Let m = i + 41. Calculate the highest common divisor of 12 and m.
12
Let n = 10 - 2. Suppose -u + 6*d - 2*d + n = 0, -4*d = 12. Let c = u + 5. What is the highest common divisor of 5 and c?
1
Let m be (-5)/2*-1*2. Suppose 0*t = -2*t - 22. Let w = t + 21. Calculate the highest common factor of m and w.
5
Suppose 0 = -c + 2*c - 117. Suppose -c = -2*s - s. Calculate the highest common divisor of s and 26.
13
Let l = -61 + 72. Let y be (-11)/(-9) - 6/27. What is the highest common factor of l and y?
1
Let y = 6 + -7. Let j = 9 - y. What is the highest common divisor of 70 and j?
10
Let s(b) = -5*b**3 + b**2. Let m be s(-1). Calculate the greatest common divisor of m and 54.
6
Suppose -5*i = -y - 6, 0*y - 4*y = -i - 14. Suppose 3*d - 7 - 8 = -i*z, z = 3. Calculate the greatest common factor of d and 9.
3
Let a be 15/6*(-16)/(-20). What is the greatest common divisor of a and 16?
2
Suppose -5*a = -5*u - 125, -a - u - 129 = -6*a. Let b = -7 - a. Let y = 54 + b. What is the greatest common divisor of y and 7?
7
Let b be 21/14 + -1*(-21)/2. Calculate the greatest common factor of 108 and b.
12
Let z be (1*-1)/((-7)/385). Suppose -z = -g + 22. What is the greatest common divisor of g and 7?
7
Let q = -9 + 17. Calculate the greatest common divisor of q and 104.
8
Suppose 0 = -4*i + 5*i + 2. Let y(h) = 11*h**2 - 3*h - 2. Let c be y(i). Suppose 2*n = -2 + 14. What is the highest common divisor of c and n?
6
Suppose 185 = 5*n - 5*c, 5*n + c + 0*c - 203 = 0. What is the highest common factor of 60 and n?
20
Let y(x) = -x**2 - 9*x. Let r be y(-6). What is the highest common divisor of 2 and r?
2
Suppose d + f - 5 = 3*f, 0 = -2*d - 2*f + 28. Let h = 1 - 116. Let v = 214 + h. Calculate the greatest common factor of d and v.
11
Let q = -4 - -6. Let v(w) = -w**2 - 9*w - 9. Let z be v(-7). Suppose b = q*b - z. What is the highest common factor of b and 40?
5
Suppose -241 - 1204 = 5*r. Let o = 609 + r. Suppose 2*c - o = -3*c. What is the highest common factor of 16 and c?
16
Let a(k) = -2*k**2 + 32*k + 12. Let p be a(15). What is the highest common factor of 6 and p?
6
Let d be 3 + 186/9 - 8/12. What is the greatest common factor of d and 161?
23
Let x(t) = -t**3 - 9*t**2 + t + 13. Let r be x(-9). Calculate the greatest common divisor of r and 2.
2
Let y be (-4)/6 + (-11)/(-3). Let z be (-2 + 1)/(y/9). Let p be 2/z*1*-12. What is the greatest common divisor of 16 and p?
8
Suppose -2*m + 48 = 6*w - 2*w, -66 = -3*m - 3*w. What is the highest common divisor of 8 and m?
4
Suppose 3*v - 24 - 36 = 0. What is the highest common divisor of v and 5?
5
Let d be -2 + 1 + (4 - 0). Let b be 1/(-3) + 67/d. Calculate the highest common factor of b and 33.
11
Suppose b + 4 = -b, -4*u + 224 = 2*b. Suppose 78 + u = 5*f. What is the highest common factor of f and 3?
3
Suppose t - 6*t - 90 = 0. Let v be t/((18/(-15))/3). What is the greatest common factor of v and 5?
5
Let v = 29 - 28. Calculate the greatest common factor of 3 and v.
1
Let u(j) = j**3 + 7*j**2 + 6*j - 7. Let t be 27/(-5) - 4/(-10). Let f be u(t). Let k be (-12)/54 - (-353)/9. Calculate the highest common factor of k and f.
13
Let y = 123 + -122. Calculate the highest common divisor of 2 and y.
1
Let v = 7 + -2. What is the highest common divisor of v and 25?
5
Let b(a) = -a**3 + 4*a**2 - a - 1. Let j be b(2). Let q be 0 + 4*(-1 - -2). Let r be (-38)/(-4) + 2/q. Calculate the highest common factor of j and r.
5
Let q = 3669 + -1141. Let j be (-4)/18 - q/(-36). What is the highest common factor of 10 and j?
10
Let c(o) be the first derivative of 5*o**4/4 - 2*o**3/3 + o + 1. Let y be c(1). Let m be 2/y*(-1 + 9). What is the greatest common divisor of m and 20?
4
Let y = 96 + -28. Calculate the greatest common divisor of y and 170.
34
Let y(r) = 4*r**2 + 2*r - 1. Suppose -4 = 5*b - 9. Let p be y(b). Suppose 5*s - 1 - 24 = 0. Calculate the highest common divisor of s and p.
5
Let u be (3/9)/((-3)/(-18)). Suppose -3*g = -u*g - 10. What is the highest common divisor of g and 2?
2
Let r be (-2 - -8)/(-1) + 2. Let m be ((-2)/r)/(2/12). Suppose 0 = 4*u - 0*u - 12. Calculate the greatest common divisor of m and u.
3
Let b(t) = t**3 - t**2 + 11. Suppose 2 + 4 = 3*j, 0 = 4*m - 3*j + 6. Let u be b(m). What is the highest common factor of 77 and u?
11
Suppose -4*y = -0*y - 60. Let v = -8 + y. Let i = -76 + 111. Calculate the highest common factor of v and i.
7
Suppose -5*r - 3*h + 0*h = -417, -r + 61 = -5*h. What is the greatest common divisor of 9 and r?
9
Suppose l + l = 252. Suppose 3 = -2*n + 39. What is the greatest common divisor of l and n?
18
Let f(m) = 16*m**3 + 3*m**2 + 3*m - 4*m**2 - 15*m**3 + 6. Let c be f(0). Calculate the highest common factor of 6 and c.
6
Let q = 4 + -2. Suppose -k + 0 + q = 0. Suppose s = 2*p + 15 - 59, k*s = 5*p - 112. Calculate the highest common divisor of 4 and p.
4
Let y(s) = -3*s + 4. Let x be y(-11). Suppose x = 5*n - 38. Calculate the greatest common divisor of 75 and n.
15
Let w = -12 - -30. What is the highest common factor of 2 and w?
2
Let z = -4 - -11. Suppose 0 = -4*x + 2*a, 2*x + z = 5*x + 2*a. Calculate the greatest common factor of 4 and x.
1
Let i be 6/(-15) + (-18)/5. Let s be (-8 - i)*(-1)/2. What is the greatest common divisor of 16 and s?
2
Let f = 37 - 18. What is the highest common divisor of f and 19?
19
Let g(d) = -2*d - 9. Let s = 11 - 18. Let k be g(s). What is the highest common factor of 55 and k?
5
Let n be (-2)/(-3) - 13/(-3). Let r be 41/4*(4 + 0). Let y be 1/(-4) - r/(-4). Calculate the greatest common factor of y and n.
5
Let j be (-2)/8 - (-994)/8. Let c = j + -60. Let v be (-236)/(-30) + (-4)/(-30). What is the greatest common divisor of c and v?
8
Suppose 2*i - 8 = -2*a, -3*a - i + 32 = 2*a. Calculate the greatest common factor of a and 7.
7
Let u be (-3 - 6/(-3)) + 34. What is the highest common factor of 11 and u?
11
Suppose 0 = -0*x + 5*x. Suppose -5*l - 4*t + 51 = x, -5*l = -0*l - 2*t - 27. Calculate the highest common factor of l and 21.
7
Let t(k) be the second derivative of 2*k + 0 + 1/12*k**4 + 13/2*k**2 + 1/6*k**3. Let x be t(0). Calculate the greatest common divisor of 13 and x.
13
Let r be (228/(-30) - -4)/(2/(-15)). What is the greatest common factor of r and 72?
9
Let g(f) = f**2 + 6*f + 7. Let t be g(-5). Let h be 22/(-4)*(0 - t). Calculate the greatest common divisor of 11 and h.
11
Let j be 64*2/((-8)/(-4)). Let p(v) be the second derivative of v**4/4 + v**3/2 + v**2 + v. Let m be p(-2). Calculate the highest common divisor of j and m.
8
Suppose -2*m - 558 = -5*n - 81, 0 = n + 3*m - 92. Calculate the highest common factor of 19 and n.
19
Let s be 3 + -2 - (-6 + 1). Let f = -5 + 5. Let r = f + 6. What is the highest common divisor of r and s?
6
Let h be (4 - -2)/(-2 - -3). What is the highest common factor of h and 24?
6
Let u(v) = -v - 1. Let z be u(2). Let y = z + 43. Suppose -3*x - 8 = -4*f - 0, 27 = 3*f + 3*x. Calculate the greatest common divisor of f and y.
5
Let v(j) = -j**3 - 6*j**2 - 2*j. Suppose 12*r + 6 = 11*r. Let y be v(r). Calculate the greatest common factor of 96 and y.
12
Let w(i) = -i**3 + 5*i**2 + 8*i + 4. Let m be w(6). Let o = 1 + 4. Suppose o*v = 3*f - 17, 0*f + f = 2*v + 6. What is the highest common divisor of m and f?
4
Let y(s) = -4 + s - 5 - 2*s + 0*s. Let z be y(-6). Let t be (15*z/3)/(-1). Calculate the highest common factor of t and 6.
3
Let a = 9 + 14. Suppose -4*t = -197 - a. Calculate the highest common divisor of t and 11.
11
Let p be (-16)/6*(1 - (-85)/(-10)). What is the highest common divisor of 30 and p?
10
Let n(y) = -y**3 + 2*y. Let z be n(-3). Let g = z - 11. Calculate the greatest common factor of g and 10.
10
Suppose -l + 16 - 14 = 0. What is the greatest common factor of l and 2?
2
Let k = -47 + 111. Calculate the highest common factor of k and 16.
16
Let z be (232/(-87))/(4/(-30)). What is the highest common divisor of z and 15?
5
Let q be (-2)/1 + -194 - 2. Let x = q + 124. Let y = -38 - x. Calculate the greatest common factor of 24 and y.
12
Suppose 0 = -5*z - 4*b + 124, 3*b = 3*z + 